{"id":317,"date":"2022-05-01T22:09:37","date_gmt":"2022-05-01T20:09:37","guid":{"rendered":"https:\/\/schirmilabs.de\/?page_id=317"},"modified":"2024-03-04T07:05:34","modified_gmt":"2024-03-04T06:05:34","slug":"xsynthiphone","status":"publish","type":"page","link":"https:\/\/schirmilabs.de\/?page_id=317","title":{"rendered":"Xsynthiphone"},"content":{"rendered":"\n<figure class=\"wp-block-image size-large is-resized\"><img loading=\"lazy\" decoding=\"async\" src=\"https:\/\/schirmilabs.de\/wp-content\/uploads\/2022\/05\/XsynthiphoneBackSmall-1024x461.png\" alt=\"\" class=\"wp-image-319\" width=\"381\" height=\"171\" srcset=\"https:\/\/schirmilabs.de\/wp-content\/uploads\/2022\/05\/XsynthiphoneBackSmall-1024x461.png 1024w, https:\/\/schirmilabs.de\/wp-content\/uploads\/2022\/05\/XsynthiphoneBackSmall-300x135.png 300w, https:\/\/schirmilabs.de\/wp-content\/uploads\/2022\/05\/XsynthiphoneBackSmall-768x346.png 768w, https:\/\/schirmilabs.de\/wp-content\/uploads\/2022\/05\/XsynthiphoneBackSmall-1536x691.png 1536w, https:\/\/schirmilabs.de\/wp-content\/uploads\/2022\/05\/XsynthiphoneBackSmall.png 2000w\" sizes=\"auto, (max-width: 381px) 100vw, 381px\" \/><\/figure>\n\n\n\n<figure class=\"wp-block-image size-large is-resized\"><img loading=\"lazy\" decoding=\"async\" src=\"https:\/\/schirmilabs.de\/wp-content\/uploads\/2022\/05\/XsynthiphoneFrontSmall-1024x461.png\" alt=\"\" class=\"wp-image-321\" width=\"352\" height=\"158\" srcset=\"https:\/\/schirmilabs.de\/wp-content\/uploads\/2022\/05\/XsynthiphoneFrontSmall-1024x461.png 1024w, https:\/\/schirmilabs.de\/wp-content\/uploads\/2022\/05\/XsynthiphoneFrontSmall-300x135.png 300w, https:\/\/schirmilabs.de\/wp-content\/uploads\/2022\/05\/XsynthiphoneFrontSmall-768x346.png 768w, https:\/\/schirmilabs.de\/wp-content\/uploads\/2022\/05\/XsynthiphoneFrontSmall-1536x691.png 1536w, https:\/\/schirmilabs.de\/wp-content\/uploads\/2022\/05\/XsynthiphoneFrontSmall.png 2000w\" sizes=\"auto, (max-width: 352px) 100vw, 352px\" \/><\/figure>\n\n\n\n<p>Digitales Xylophon mit integriertem Synthesizer, Verst\u00e4rker und Lautsprechern. <\/p>\n\n\n\n<p> <strong>Technische Daten:<\/strong><\/p>\n\n\n\n<ul class=\"wp-block-list\"><li>Oled Display f\u00fcr die Einstellungen<\/li><li>Anschlagsdynamik einstellbar <\/li><li>256 Musikinstrumente ausw\u00e4hlbar<\/li><li>Drumset<\/li><li>64-Stimmen polyphon ohne Effekte<\/li><li>38-Stimmen polyphon mit Effekten<\/li><li>4-Band Stereo Equalizer<\/li><li>Midi Eingang\/Ausgang \u00fcber USB Port<\/li><li>Option: Apple Midi (Realtime Midi) via WLAN<\/li><\/ul>\n\n\n\n<p><\/p>\n\n\n\n<p><strong>Demo: <\/strong>Xsynthiphone spielt den Xsynthiphone \/ JFZ Song<\/p>\n\n\n\n<figure class=\"wp-block-video\"><video height=\"720\" style=\"aspect-ratio: 1280 \/ 720;\" width=\"1280\" controls src=\"https:\/\/schirmilabs.de\/wp-content\/uploads\/2024\/03\/Xsynthiphone_Song.mp4\"><\/video><\/figure>\n","protected":false},"excerpt":{"rendered":"<p>Digitales Xylophon mit integriertem Synthesizer, Verst\u00e4rker und Lautsprechern. Technische Daten: Oled Display f\u00fcr die Einstellungen Anschlagsdynamik einstellbar 256 Musikinstrumente ausw\u00e4hlbar Drumset 64-Stimmen polyphon ohne Effekte 38-Stimmen polyphon mit Effekten 4-Band Stereo Equalizer Midi Eingang\/Ausgang \u00fcber USB Port Option: Apple Midi (Realtime Midi) via WLAN Demo: Xsynthiphone spielt den Xsynthiphone \/ JFZ Song<\/p>\n","protected":false},"author":1,"featured_media":0,"parent":0,"menu_order":0,"comment_status":"closed","ping_status":"closed","template":"","meta":{"footnotes":""},"categories":[],"tags":[],"class_list":["post-317","page","type-page","status-publish","hentry"],"_links":{"self":[{"href":"https:\/\/schirmilabs.de\/index.php?rest_route=\/wp\/v2\/pages\/317","targetHints":{"allow":["GET"]}}],"collection":[{"href":"https:\/\/schirmilabs.de\/index.php?rest_route=\/wp\/v2\/pages"}],"about":[{"href":"https:\/\/schirmilabs.de\/index.php?rest_route=\/wp\/v2\/types\/page"}],"author":[{"embeddable":true,"href":"https:\/\/schirmilabs.de\/index.php?rest_route=\/wp\/v2\/users\/1"}],"replies":[{"embeddable":true,"href":"https:\/\/schirmilabs.de\/index.php?rest_route=%2Fwp%2Fv2%2Fcomments&post=317"}],"version-history":[{"count":12,"href":"https:\/\/schirmilabs.de\/index.php?rest_route=\/wp\/v2\/pages\/317\/revisions"}],"predecessor-version":[{"id":472,"href":"https:\/\/schirmilabs.de\/index.php?rest_route=\/wp\/v2\/pages\/317\/revisions\/472"}],"wp:attachment":[{"href":"https:\/\/schirmilabs.de\/index.php?rest_route=%2Fwp%2Fv2%2Fmedia&parent=317"}],"wp:term":[{"taxonomy":"category","embeddable":true,"href":"https:\/\/schirmilabs.de\/index.php?rest_route=%2Fwp%2Fv2%2Fcategories&post=317"},{"taxonomy":"post_tag","embeddable":true,"href":"https:\/\/schirmilabs.de\/index.php?rest_route=%2Fwp%2Fv2%2Ftags&post=317"}],"curies":[{"name":"wp","href":"https:\/\/api.w.org\/{rel}","templated":true}]}}